et b(g) = 267 - g - 164 - 101. What is b(d)?
1
Let o(f) = 2*f - 4. Let b(i) = -2*i + 3. Let m(z) = 4*b(z) + 3*o(z). Let a = 100 - 99. What is m(a)?
-2
Let w(d) = 10567*d + 0 + 2*d**2 - 10563*d - 5. Determine w(3).
25
Let l(a) = -11*a**3 + 5*a**2 - 47*a + 20. Let t(i) = 5*i**3 - 3*i**2 + 21*i - 11. Let h(r) = -4*l(r) - 9*t(r). Determine h(7).
12
Let a(o) = 0*o**3 - 3*o**2 + 0*o**2 + 34 - 11*o**3 - 7*o + 10*o**3. Give a(2).
0
Let w(i) = -4*i**3 + 2*i**2 + i - 1. Let m be -3*36/24 - (-6)/4. Let z(p) = 3*p**3 + 1. Let a(x) = m*z(x) - 2*w(x). Let s be 2/((1 + 2)/(-3)). Determine a(s).
-5
Let z be -2*96/16 - -9. Let q = 9 - 3. Let k = q + z. Let c(p) = -p**3 + 3*p**2 - 4*p + 3. What is c(k)?
-9
Let r(q) = -38*q**3 - 18*q + 8*q + 77*q**3 + 9*q**2 - 38*q**3 + 2. Suppose 2*f + 0*f = -20. Determine r(f).
2
Let w(n) = 7063*n + 18 - 7066*n - 48. What is w(-8)?
-6
Suppose 0 = 5*n + 4*x - 39, 4*n - 5*n - 5*x = 9. Let v be 11 - 7 - (n - 1). Let a(j) = -j**3 - 5*j**2 + 6*j + 8. Determine a(v).
8
Let i(k) = -9*k - 1. Let r = -240 - -247. Suppose 0 = r*n + 7*n - 28. Give i(n).
-19
Let c(p) be the third derivative of -p**5/12 - 11*p**4/24 + 7*p**3/2 + 62*p**2. Let z(a) = 4*a**2 + 11*a - 18. Let b(j) = -3*c(j) - 4*z(j). Give b(-11).
9
Let d(w) be the second derivative of -5*w**3/2 - 7*w**2 + 85*w - 2. What is d(-1)?
1
Let z(k) = -3*k**3 + 5*k**2 - 3*k + 1. Let j(t) = 2*t**3 - 4*t**2 + 3*t - 1. Let s(r) = -6*j(r) - 5*z(r). Suppose -670*u + 695*u - 30 = 20. Determine s(u).
15
Let q = 65 - 57. Suppose q*g - 12*g = 44. Let a(y) = y**3 + 10*y**2 - 10*y + 5. What is a(g)?
-6
Let w = 65 + -71. Let x(l) = 7*l + 45. Let o be x(w). Let v(k) = -5*k**2 + 1 - 7*k**2 + k**3 + k**2 + o*k**2 - 10*k. Determine v(9).
-8
Let g(r) = -4*r**2 + 196*r - r**3 - 22*r**2 - 220*r + 17. Calculate g(-25).
-8
Let r be (-14)/6 + (-2)/(-48)*8. Let k be r/((-2 + 1)*(-1 + 2)). Let i(z) = k*z**2 + 1 + 4*z**2 - 4*z**2 + 2*z - z**2. What is i(-1)?
0
Let x be (-15)/30*2*1. Let y(t) = -13*t + 1. Let d(b) = 11*b + 14*b - 2 - 11*b. Let q(z) = 2*d(z) + 3*y(z). Give q(x).
10
Let l(f) = 2*f + 7. Let s = 12 - 8. Let a(m) = 6 + 4*m**2 + 6*m**2 - 28*m**2 + m + 6*m**2 + 11*m**2. Let h be a(s). Calculate l(h).
-5
Suppose -5*g = -4*o - 71, -20*o - 3*g = -21*o - 23. Let a(c) = -c**3 - 12*c**2 + 31*c + 34. Give a(o).
-8
Suppose -484 = -5*z + 11. Let m = z + -93. Let q(f) = f - 2. Let d be q(m). Let l(j) = j**2 - 6*j - 5. Give l(d).
-13
Let t(d) = -13*d + 110. Suppose 262 = 43*w - 117 - 94. Give t(w).
-33
Let k be 77 + (1 - 1 - (-44)/(-11)). Suppose -72*j = -k*j + 7. Let i(b) = -b**3 + 8*b**2 - 2*b - 10. What is i(j)?
25
Suppose 0 = 161*r - 157*r - 2*l - 20, -r + 11 = -2*l. Let m(n) = -n**3 + 5*n**2 - 4*n + 5. What is m(r)?
11
Let s = -3276 - -3302. Let l(f) = 25*f - 647. What is l(s)?
3
Suppose h + 159 = -14*q, -4*q = 2*h - 6*h + 24. Let c(i) = 7*i + 71. Calculate c(q).
-6
Let l(j) = -j**3 + 16*j**2 - j + 18. Let q(o) = -o**3 + 5*o**2 + 15*o - 54. Let v be q(6). Suppose -69 = -4*s - 5*y, v = -5*s - y + 81. Determine l(s).
2
Let b(u) = -u**2 + 2*u + 3. Let t be (52/117 - (-7840)/18) + -2. Suppose t = 5*k + 444. Determine b(k).
-5
Let u be (-4)/3*((-24)/(-32) + -3). Suppose 5*c + 0*m = -u*m + 27, 4*c - 8 = m. Let z(s) = 1 - 1 - s + 3 + c. Give z(7).
-1
Let p(a) = 0*a + 2*a - 233 + 107 + 119. Let y(o) = 9*o - 3. Let h(c) = -2*c + 1. Let x(t) = -21*h(t) - 5*y(t). Let g be x(-4). Determine p(g).
5
Let a(z) = -24*z - 1. Suppose -3*u - 3*v = 43 - 40, -u + 3 = 5*v. Determine a(u).
47
Suppose -453*j - 62*j = -39*j + 4284. Let m(b) = -b**3 - 9*b**2 + 14. Determine m(j).
14
Suppose -67 + 84 = 5*x - 3*p, -2*x + 2*p = -6. Let f = 1 - -3. Let b(m) = -f + 4*m**2 - 2*m**3 - 1 + m**3. Calculate b(x).
-5
Let s(q) = -2 + 5 - 4*q + 2*q. Suppose 1 = 2*p + v + 8, -2*v = 3*p + 9. Calculate s(p).
13
Let y be ((-54)/(-21))/((-3)/(-42)). Suppose 8*m + y = 2*m. Let v(l) = 14*l - 3 - 7*l - 9*l + l. Calculate v(m).
3
Let x(u) = -u**2 - 8*u + 21. Let m(f) = -2*f**3 - 115*f**2 + 40*f - 1050. Let w be m(-58). Determine x(w).
33
Let i be (-1 - -11 - 2)/((-4)/(-6)). Let s(n) = 18*n + 5*n - 22*n - 15. Determine s(i).
-3
Let r(m) = -439 + 8*m**2 + 225 + 6*m + m**3 - 6*m**2 + 223. Give r(-3).
-18
Let h(w) = 5*w**2 + 20*w - 41. Let t(s) = -3*s**2 - 2*s. Let g(i) = h(i) + 2*t(i). Determine g(12).
7
Let s(p) = p**2 + 9*p + 14. Let n be s(-7). Suppose -1 = z + 4*t, -4*t + t - 3 = n. Let w(b) = b - 5. Determine w(z).
-2
Let y(v) be the second derivative of -5/2*v**2 - 5/6*v**3 + 5/24*v**4 + 0 + 1/20*v**5 - 8*v - 1/120*v**6. Let g(n) be the first derivative of y(n). Give g(4).
-1
Let s(f) = 6*f - 24 + 64*f**2 + 62*f**2 + 55*f**2 - 234*f**2 + 55*f**2. Determine s(-5).
-4
Let g(x) = 9*x**3 - 7*x**2 - x**3 - 2 - x**2 + 8*x + 33*x**3 - 40*x**3. Let v(h) = -7*h**3 + h**2 + h. Let i be v(-1). Calculate g(i).
5
Let z be (18/12)/(9/12). Let c(x) = 4*x**3 - z*x - 5*x - 4*x**3 - x**3 + 3 + 4*x + 5*x**2. Give c(3).
12
Let z(v) = -24*v**3 - 2*v**2 - v. Let n = 98 - 88. Let c be (-50)/n*(-2)/10. Let o be (c - 0) + 30 + -32. Determine z(o).
23
Let a(r) = r - 4. Let z be a(4). Let o(f) be the first derivative of 3*f**2/2 - f + 38408. Calculate o(z).
-1
Let k(b) = -1174*b**2 + 588*b**2 + 587*b**2 - 16*b + 36 - 2*b + 6*b. Give k(7).
1
Let v(g) = 65893 - 2*g**3 + 5*g**2 - 65894 + 3*g**3 - 2*g. Let y be -6 + ((-3)/(-1) - 1). What is v(y)?
23
Let k(m) = -22*m + 1663. Let b be k(75). Let t(q) = -q**2 + 12*q - 5. Give t(b).
-18
Suppose -20 = 2*j + 5*a - 60, j - a = 27. Let p = j - 25. Let o(y) be the first derivative of -y**4/4 + y**3/3 - y**2/2 + 6*y + 59. Give o(p).
6
Suppose 6*h = 3*h - 2*o - 344, -4*h = 4*o + 460. Let f = 118 + h. Let z be -4 - (2 - f - -2). Let y(r) = r**3 + 4*r**2 + 3*r - 3. Calculate y(z).
-15
Let j(t) = 46*t - 282. Let z(g) = -12*g + 73. Let m(r) = -2*j(r) - 9*z(r). What is m(6)?
3
Let g be (-5)/2*(-36)/(-30). Let i(b) = -1646*b + 2*b**2 + 3284*b - 1639*b. What is i(g)?
21
Let c(p) = 21*p**2 + 31*p + 50. Let j(v) = 5*v**2 + 8*v + 11. Let m(z) = -4*c(z) + 17*j(z). Give m(-12).
-13
Let a = -43 + 55. Suppose 14*r - 18*r = a. Let y(f) be the first derivative of -f**3/3 - f**2/2 + 2*f + 2. Determine y(r).
-4
Let b(z) = 12*z - 10. Let x(y) be the first derivative of -23*y**2/2 + 18*y + 57. Let t(w) = -7*b(w) - 4*x(w). Give t(-4).
-34
Suppose -753*c - 28 = -755*c. Let w(b) = -b**3 + 14*b**2 + 3*b + 18. Calculate w(c).
60
Let b(a) = -8*a**3 - 21*a**2 - 24*a + 39. Let i(p) = -19*p**3 - 43*p**2 - 49*p + 80. Let g(q) = -7*b(q) + 3*i(q). Determine g(19).
5
Let q(c) = -14*c + 22. Suppose -1448*x + 1449*x - 7 = 0. Give q(x).
-76
Let j(c) = 2*c**2 + 42*c + 4. Let v(k) = k**2 + 54*k + 3. Let f(d) = 4*j(d) - 3*v(d). Give f(-1).
6
Let i be 105/12 + 1/4. Suppose 0 = 2*u + 4*p + 12, i = -3*u - 5*p - 5. Let h(t) = 0 + 3 - t**2 - u + 6*t + 0*t**2. What is h(6)?
1
Let c(j) = 34*j + 126 - 351 + 221. Calculate c(-1).
-38
Suppose -q + 222 - 98 = 0. Let v = q + -135. Let o(g) = -g**3 - 11*g**2 + 7. What is o(v)?
7
Suppose 85 = 6*r + 67. Let f(i) = -37 + 20 + r*i + 15 + 3*i + 2*i. Give f(-3).
-26
Let m be (5 + 282/(-54))/(7/(-63)). Let c(i) = -i**3 + 7*i**2 - 7*i + 3. Determine c(m).
9
Let d be (3/(-2))/(5/(-10)). Suppose 33 = -d*x + 24, 4 = y - x. Let t(m) = -m**3 - 1. What is t(y)?
-2
Let w(t) = -29*t + 6 + t**3 + 1 - 5 + 31*t + 12*t**2 + 8. Calculate w(-12).
-14
Let g(h) = h**3 - h**2 + 255. Let l be g(0). Let v = 255 - l. Let j(b) = 5*b + 8. Let r(y) = -6*y - 9. Let w(k) = 5*j(k) + 4*r(k). Give w(v).
4
Let a(f) = -f + 11 + 12 + 6 + 7 - 32. Give a(8).
-4
Let f be (-6)/(-4)*-18*(3 + -9). Let k(t) = 81*t - f*t - 7 + 83*t. Calculate k(5).
3
Let g(k) = -17*k + 40. Let z(q) = -8*q + 18. Let f(t) = 2*g(t) - 5*z(t). What is f(9)?
44
Let x(v) = -v**3 - 31*v**2 - 83*v + 35. Suppose 0 = -39*z - 359 - 733. Give x(z).
7
Let m(o) = -10*o + 2. Let g(l) = -30 + 31 - 17*l - 8*l. Let z(b) = 12*b - 1. Let n(k) = 2*g(k) + 5*z(k). Let r(x) = -4*m(x) - 3*n(x). Give r(-1).
-9
Let o = -4 - -6. Let a = o - 7. Let k(t) = 131734438 - t - 131734433 - 2*t**2 - 3*t**2 - t**3. Calculate k(a).
10
Let f(p) be the second derivative of 5*p**3/6 - 7*p**2 + 1036*p. Let x(h) = -h + 3. Let v = 22 + -11. Let c(y) = v*x(y) + 2*f(y). Calculate c(0).
5
Let b be (-1)/(-4) + (-585)/(-156). Suppose 0 = b*c + f - 17 +